ghest common divisor of z and 8?
8
Let j = 0 + 0. Let c(o) = -o**2 - o + 36. Let n be c(j). Let k(b) = -b**3 + 4*b**2 + 5*b + 6. Let a be k(5). What is the greatest common divisor of a and n?
6
Suppose 155 = 5*u + 4*v, 3*u = -0*v + 4*v + 125. Calculate the highest common factor of 7 and u.
7
Suppose 3*j - 3*n - 119 + 47 = 0, j - 36 = -2*n. Suppose -i = -7 - j. What is the greatest common factor of i and 7?
7
Let t(i) = 10*i + 4. Let w be t(2). What is the highest common factor of 48 and w?
24
Suppose -3*x + 68 = -58. Let d(m) be the second derivative of 27*m**5/20 + m**4/12 + 2*m. Let t be d(1). What is the greatest common divisor of x and t?
14
Let q = 8 - -9. Suppose -y + 8 = -q. What is the highest common divisor of 10 and y?
5
Let i(s) = -3*s - 1. Let v be i(-3). What is the greatest common divisor of 80 and v?
8
Let s be 2/(2 - 1) - -30. Suppose -28 - s = -3*o. Calculate the greatest common divisor of 10 and o.
10
Let q = 1 - 6. Let s = q - -3. Let y be 20/s*(-39)/6. Calculate the greatest common divisor of 26 and y.
13
Suppose y - 8 = 3*y + 2*i, -2*i - 4 = 0. Suppose 13 = 5*p + 38. Let d = y - p. Calculate the highest common divisor of 12 and d.
3
Suppose 5*b - 15 = -o, 2*b + 3*b + 45 = 5*o. Calculate the greatest common divisor of o and 110.
10
Suppose -r + 2*h = -21, -5 = -4*r - 4*h + 19. Calculate the highest common factor of r and 99.
11
Suppose -6*t = -2*t + 16. Let r be 11 - ((t - -2) + 2). Calculate the highest common factor of 1 and r.
1
Let h = -22 - -28. Calculate the greatest common divisor of h and 6.
6
Let b be (-21 + -3)/(8/(-12)). What is the greatest common factor of b and 24?
12
Let t = -6 - -35. What is the highest common factor of t and 29?
29
Let t = -6 - -10. Suppose f = -t*f + 625. What is the highest common divisor of 50 and f?
25
Suppose 17*b - 24 = 13*b. Let m = -3 + 1. Let v(f) = -7*f**3 + 4*f**2 + 4*f + 2. Let c be v(m). Calculate the greatest common factor of c and b.
6
Suppose -4*g = -0*f + 3*f - 116, 0 = 4*f + 2*g - 158. Calculate the greatest common factor of f and 10.
10
Suppose -t - t = -8. Let o be (-2)/t + (-35)/(-10). Calculate the greatest common factor of o and 2.
1
Let p(x) = -x**2 + 7. Let r be p(0). Let y(z) = z - 4. Let g be y(r). Calculate the highest common factor of 9 and g.
3
Let d be -1 + 5 + 0/1. Let g be 7/(-28) - (-69)/4. Suppose -g = -d*z - 5. What is the highest common divisor of 3 and z?
3
Suppose 0 = -11*i + 7*i + 16. Let s be 2/i - 837/(-6). Calculate the highest common factor of s and 20.
20
Let u be ((-112)/8)/((-6)/81). What is the greatest common divisor of 21 and u?
21
Suppose 0 = 2*u - 2*m - m + 477, -2*u - m = 481. Let o be u/(-7) + 4/(-14). What is the greatest common factor of o and 17?
17
Let s be (2 + (-20)/25)/(6/100). What is the highest common factor of s and 220?
20
Let w = 9 - 5. Suppose 3*d - 3 = 4*t + 1, -w*d + 6 = -5*t. What is the highest common factor of 2 and t?
2
Let i be (-182)/(-35) + 2/(-10). Let d(x) = x**2 - 3*x. Let g be d(i). Calculate the greatest common factor of g and 100.
10
Let j(z) = -3*z + 2. Let n be j(-2). Suppose -2*v = -4*m + 62, m + v = 6 + n. Calculate the highest common divisor of 150 and m.
15
Let x(m) = m**3 - 4*m**2 + 4*m - 4. Let k be x(4). Let s(y) = y - 2. Let z be s(0). Let i be 1 + 0 - z*1. Calculate the highest common divisor of i and k.
3
Let x(g) = -2*g**3 - 4*g**2 - g - 1. Let k be x(-3). Let r be 98/(4 - 2) + 1. Calculate the greatest common divisor of r and k.
10
Let x(t) = -t**2 - 9*t + 4. Let u be x(-7). Suppose -4*c = -4*s + 88, 20 = 2*s - 0*s + 4*c. What is the greatest common factor of u and s?
18
Suppose -3*g + 6 = -2*g. Let b be ((-3)/3)/(g/(-396)). What is the greatest common divisor of b and 6?
6
Let a(m) = -24*m. Let k be a(-1). Let u be (-10)/(((-21)/18)/7). What is the greatest common divisor of u and k?
12
Let t = 122 - 22. Suppose 0 = 7*c - 3*c - t. What is the greatest common divisor of c and 10?
5
Let f(d) = -d**3 - 8*d**2 - 9*d - 5. Let p(b) = b**2 + 16*b + 21. Let y be p(-14). Let x be f(y). Calculate the greatest common factor of 18 and x.
9
Let o(a) = a + 11. Suppose -4*v + 24 = -7*v. Let n be o(v). Let l be n/(6/94) + -2. What is the highest common divisor of l and 30?
15
Suppose 0 = -m + 5*k - 20, -2*m + 4*k = 2*k + 8. Suppose 4*h - 43 = -m*n + n, h + n - 12 = 0. Calculate the highest common divisor of 121 and h.
11
Suppose 5 = 3*y - 1. Suppose 0 = -y*k - k + 51. Suppose 2*r + 0*r - o - 31 = 0, -2*r + 4*o = -22. Calculate the highest common factor of r and k.
17
Let x be -2*(3 - 27/6). Suppose x*y - 3 = 3. Suppose -12 = -v - y*v. What is the highest common divisor of v and 2?
2
Suppose -59*o + 72 = -57*o. Calculate the greatest common divisor of 252 and o.
36
Suppose 8*n = 246 + 154. What is the greatest common factor of 50 and n?
50
Suppose 2*y + 0*f = -f + 258, -4*y - 5*f + 510 = 0. Let r be (-1)/(-3) - y/(-6). What is the highest common factor of r and 44?
22
Suppose -3*m + 8 = -m. Suppose 4*p + m = 0, -4*p = 4*h + p - 95. What is the greatest common divisor of h and 175?
25
Suppose -6 = -4*x - 0*x - 2*u, 4*x = 5*u + 27. Calculate the highest common factor of 24 and x.
3
Let a = 10 - 0. Let t be (a/(-3))/((-1)/3). Let f be (-4)/14 - 1974/(-49). Calculate the greatest common divisor of t and f.
10
Let r = 17 - 8. Suppose 103 = d - v, 0 = -2*d + 4*d - 4*v - 214. What is the greatest common factor of d and r?
9
Let u be (-8)/24 + 44/6. Let c = 8 + -6. Suppose -3 - 11 = -c*k. Calculate the greatest common divisor of k and u.
7
Suppose -5*n = -3*b, -4*b + 9*b = n. Suppose 2*g - j + 14 = 36, b = -5*g - j + 41. Calculate the greatest common factor of 45 and g.
9
Suppose 3*x = -x + 8. Suppose 0*z - 62 = -2*b + x*z, 0 = 3*z + 3. What is the highest common factor of 10 and b?
10
Let y be (-14)/91 + -2 + 1460/26. Calculate the highest common factor of 36 and y.
18
Let l(n) = 9*n**2. Let o be l(-1). Let b = 262 + -394. Let r = -51 - b. Calculate the highest common divisor of r and o.
9
Suppose -4*j + 19 = -5. Suppose p - j - 4 = 0. Let m(f) = 111*f - 1. Let k be m(1). Calculate the highest common factor of p and k.
10
Let h be 47 - (-3 + 1/(-1)). Calculate the highest common factor of h and 34.
17
Let i(a) = a**2 - a - 2. Let h be i(-6). Suppose 5*c + l = 38, 0*c - 2*c = -3*l - 22. What is the highest common divisor of h and c?
8
Suppose 3*m + 5 = 101. What is the greatest common divisor of m and 2?
2
Suppose 0 = -5*g + 1096 - 96. What is the highest common factor of 50 and g?
50
Let q be (50/35)/((-1)/(-7)). Calculate the highest common divisor of q and 25.
5
Let n(x) = 5*x**3 - x**2 - x + 1. Let t be n(2). Let g = -22 - -47. Suppose 3 + g = 4*u. What is the greatest common factor of t and u?
7
Let g = -5 + 10. Suppose 0*p = -g*p + 20. Suppose -3*s = 2*s - p*d - 52, 0 = 2*s + 4*d - 4. What is the highest common divisor of s and 8?
8
Let q be (-2)/4 - 1592/(-16). Suppose m = -4*z + 12, 3*m - z = -m + 14. Suppose -3*p = -m*p + q. What is the greatest common divisor of 11 and p?
11
Let g = 1 + 1. Suppose -5*s + 2*q + 15 = 0, g*s - q + 4*q = 25. Suppose s - 20 = -3*b. What is the highest common factor of b and 10?
5
Suppose 3*j = 5*j - 16. Let w = 73 - 41. Calculate the greatest common divisor of j and w.
8
Let f be ((-4)/(-6))/((-2)/(-3)). Let g = -427 + 432. What is the highest common divisor of f and g?
1
Let s(x) = -16*x + 1. Let r be s(-2). Let c = 73 - r. What is the highest common factor of 10 and c?
10
Let k(t) = 2*t**2 - 2*t - 8. Let j be k(-4). What is the greatest common divisor of j and 16?
16
Suppose 2*y - 1 = 5*a - 12, -y + 5*a = 13. Suppose -2*h = y*m - m, -4*m = -4*h + 24. Suppose -34 = -3*v + h. What is the highest common factor of v and 12?
12
Let f(l) = 4*l**2 + 7*l + 6. Let p be f(-7). Let q(i) = -i**2 - 10*i - 7. Let u be q(-6). What is the greatest common factor of u and p?
17
Suppose 0 = 4*w + 36 - 192. Suppose 2*t + t = w. What is the highest common factor of t and 143?
13
Let z(i) = i**3 - 2*i**2 - 4*i - 3. Let x be z(-2). Suppose 3*m - 3*o = -m + 296, 0 = -o. Let u = m + x. Calculate the highest common factor of u and 7.
7
Let f = 14 - 17. Let o be (126/30)/(f/(-15)). Calculate the highest common divisor of 84 and o.
21
Let m(c) = c**2 - 2*c + 4. Let u be m(3). Calculate the greatest co